2130
-256774 (base 10) to base 2
-111110101100000110
Convert 1732645 (base 9) to base 7.
11133434
Convert -23200021 (base 4) to base 16.
-b809
What is 201305043 (base 6) in base 13?
9314a0
What is 104638a (base 12) in base 11?
1813a1a
Convert 7775074 (base 10) to base 16.
76a362
135453 (base 8) to base 2
1011101100101011
Convert 11424124 (base 5) to base 12.
52633
Convert 1012200101 (base 3) to base 16.
5d10
What is -1287c6c (base 14) in base 15?
-bb7263
Convert -1176785 (base 9) to base 4.
-2130212123
-759003 (base 10) to base 12
-3072a3
Convert 159533 (base 10) to base 14.
421d3
113120111 (base 4) to base 2
10111011000010101
Convert 598822 (base 13) to base 8.
10104766
100001100110010000 (base 2) to base 11
94436
49a44a (base 13) to base 9
3280022
Convert 122199c (base 15) to base 5.
11313004142
Convert -215a1b (base 16) to base 11.
-1263210
dad15 (base 15) to base 12
296118
Convert -12014a3 (base 11) to base 7.
-23545411
What is 253205510 (base 6) in base 15?
671783
-214231103 (base 6) to base 16
-3aad6f
-482281 (base 9) to base 12
-120061
-2252340 (base 6) to base 11
-7a0a1
-356833a (base 11) to base 5
-3043000323
-10010021102200 (base 3) to base 12
-67bb46
430073 (base 8) to base 6
3023551
-10272328 (base 9) to base 8
-22701361
d396b (base 16) to base 12
359663
Convert 3afec (base 16) to base 13.
85cb0
223221122 (base 5) to base 2
11110010001100100101
Convert -63672 (base 15) to base 16.
-4cfc4
132eb (base 15) to base 2
1110111111101101
Convert 6320663 (base 7) to base 12.
3087a8
5bdd74 (base 15) to base 11
253630a
What is -12011211221 (base 3) in base 8?
-307076
Convert 1172350 (base 11) to base 13.
564930
201011012121 (base 3) to base 5
44031134
What is -ec6c8 (base 15) in base 3?
-1102010212222
9156a8 (base 12) to base 13
616214
What is -53965 (base 12) in base 7?
-636251
802c (base 13) to base 6
213314
Convert -52043343 (base 6) to base 16.
-16df4f
What is a9b885 (base 12) in base 4?
22102000211
1755a52 (base 13) to base 6
430255035
What is -4141114 (base 5) in base 6?
-1244044
What is -11222121200 (base 3) in base 14?
-27a9a
-997648 (base 10) to base 12
-401414
Convert 1001100001110111100100 (base 2) to base 15.
34524a
What is -1403013304 (base 5) in base 13?
-97a036
Convert -59b24 (base 13) to base 14.
-43d19
Convert 222334 (base 8) to base 7.
431402
22220022022 (base 3) to base 12
85468
Convert 110100000110000000 (base 2) to base 15.
43351
What is -200342143 (base 5) in base 10?
-793423
Convert 201456 (base 10) to base 8.
611360
-210110001100 (base 3) to base 8
-1470357
What is 352123 (base 9) in base 4?
303220320
-1780955 (base 13) to base 9
-15357868
36323 (base 8) to base 10
15571
-1000011010011110100 (base 2) to base 12
-113670
Convert -2001441344 (base 5) to base 8.
-17011513
What is -512007 (base 11) in base 5?
-202310230
Convert -562113 (base 7) to base 4.
-120031302
-50751a (base 13) to base 14
-36a692
Convert 1133123 (base 7) to base 9.
236735
-d2a0 (base 14) to base 9
-54586
Convert 20715076 (base 9) to base 13.
20b9ba5
Convert 54004265 (base 7) to base 8.
21404404
What is -10279 (base 11) in base 4?
-3221321
What is 70346c (base 14) in base 4?
32121112320
What is 268641 (base 9) in base 7?
1251415
What is a7171 (base 16) in base 14?
13b5bb
Convert 3045132 (base 6) to base 2.
100011101101110000
What is 111202000002 (base 3) in base 4?
1002001331
What is -20a0b0 (base 16) in base 9?
-4018155
aa229 (base 12) to base 10
224961
Convert -1983686 (base 11) to base 15.
-460791
What is 100101101011111101101110 (base 2) in base 9?
20526887
Convert -10110011110101110 (base 2) to base 4.
-112132232
10221111220221 (base 3) to base 16
1ffda4
What is 88a86 (base 13) in base 3?
110121000011
-42044133 (base 5) to base 12
-148835
Convert 22010230 (base 5) to base 16.
2df1e
What is -2111284 (base 11) in base 16?
-38c51f
What is -25d443 (base 14) in base 10?
-1304243
Convert 474063 (base 11) to base 6.
24041512
What is 2935c (base 16) in base 9?
276481
Convert 13c1c (base 15) to base 14.
191c1
101001011110100010111 (base 2) to base 12
556647
Convert 99a00 (base 11) to base 14.
3ab82
What is 4590c7 (base 14) in base 13?
64bc3b
-34b586 (base 13) to base 4
-10301331331
What is 31101221 (base 4) in base 10?
54377
Convert 268276 (base 14) to base 6.
44250520
What is 631462 (base 11) in base 7?
11413523
What is 3411048 (base 10) in base 6?
201035520
Convert 332333332 (base 4) to base 3.
111002222021
What is 110111110101111011111 (base 2) in base 10?
1829855
Convert -101110100011 (base 2) to base 9.
-4070
-357514 (base 8) to base 12
-5b010
3ea9b (base 16) to base 5
31203132
What is 110010101000100 (base 2) in base 10?
25924
Convert 44030040 (base 5) to base 10.
376895
Convert c018a9 (base 14) to base 7.
105616002
What is -41156153 (base 8) in base 6?
-510343003
Convert 1036426 (base 10) to base 13.
2a3991
-215540512 (base 6) to base 4
-32330032130
Convert 6501561 (base 7) to base 9.
1434400
Convert 212000022002 (base 3) to base 10.
452927
151205155 (base 6) to base 14
5bb3d5
What is -160a0a9 (base 14) in base 10?
-10784069
Convert 122112014 (base 5) to base 6.
20251022
-1075634 (base 8) to base 13
-a3951
-666b81 (base 15) to base 4
-102220012132
What is 1123203231 (base 4) in base 12?
161039
Convert 11010111101001010011 (base 2) to base 16.
d7a53
What is -144859 (base 15) in base 10?
-977259
122a92 (base 11) to base 8
573402
What is -436215 (base 8) in base 2?
-100011110010001101
-2944 (base 11) to base 16
-ed7
Convert 310000311021 (base 4) to base 10.
13634889
What is a930a7 (base 11) in base 13?
491b88
Convert -219231 (base 11) to base 10.
-348998
-20541 (base 12) to base 7
-234103
Convert 2d3f60 (base 16) to base 5.
1224342334
Convert -20ce1 (base 15) to base 14.
-29d61
170174 (base 10) to base 8
514276
Convert -b5c6c2 (base 16) to base 6.
-1103200150
What is -25521620 (base 7) in base 6?
-121455015
Convert -79b69 (base 14) to base 5.
-33431412
Convert -11144433 (base 6) to base 12.
-145119
Convert 11210041 (base 5) to base 14.
28970
Convert 101001000011001010 (base 2) to base 11.
105363
What is -1659231 (base 13) in base 12?
-2500983
-1e1ac7 (base 15) to base 2
-101100111110110010001
What is 44556266 (base 7) in base 16?
3af1e4
Convert 2243453 (base 6) to base 10.
114873
-306166 (base 10) to base 15
-60ab1
Convert 1121144 (base 10) to base 8.
4215570
-22002221012021 (base 3) to base 12
-1539951
1011010110110101101 (base 2) to base 12
15b439
-110001101110111001010100 (base 2) to base 13
-29160ac
What is -2355658 (base 9) in base 8?
-4676132
-212022111 (base 3) to base 14
-62a0
602267 (base 8) to base 13
6c067
202010102121111 (base 3) to base 15
e1443d
What is -20231211102 (base 4) in base 13?
-61c6c5
Convert 366270 (base 8) to base 7.
1033513
What is -11102102121 (base 3) in base 14?
-23a2c
What is 110100100010011110110 (base 2) in base 13?
4837c0
Convert 2076861 (base 11) to base 14.
6b1c10
Convert 12263061 (base 7) to base 11.
697452
130311 (base 8) to base 15
d622
54b30 (base 15) to base 3
111200012100
What is -213515 (base 9) in base 14?
-34545
What is -435c7 (base 14) in base 5?
-20204201
Convert -2012100001102 (base 3) to base 8.
-4351030
-11131113212 (base 4) to base 5
-331243024
Convert 2022112212 (base 3) to base 9.
68485
6624250 (base 7) to base 8
3063763
Convert 3002346 (base 7) to base 3.
122222100020
What is 334115143 (base 6) in base 12?
204bab3
What is 20124345 (base 6) in base 13?
170018
Convert 26522540 (base 8) to base 3.
102011210221100
What is -30222430 (base 7) in base 10?
-2509948
What is -30345 (base 9) in base 6?
-232235
Convert 78371 (base 12) to base 5.
20100433
Convert 67491 (base 11) to base 10.
97747
What is -187117 (base 14) in base 7?
-10230430
Convert -379147 (base 13) to base 11.
-831122
Convert -40b96 (base 16) to base 7.
-2152626
Convert cc5b (base 14) to base 9.
53450
What is 594ae3 (base 15) in base 14?
7d17c3
-6b906 (base 12) to base 9
-240466
What is 158a1 (base 14) in base 5?
3210340
-1776883 (base 9) to base 2
-11110011000111100000
Convert -1029081 (base 14) to base 4.
-131013011021
Convert 8747687 (base 11) to base 16.
ea8163
-1383388 (base 9) to base 14
-15c3bc
-406162 (base 7) to base 3
-10112011121
399ab (base 14) to base 5
14014414
14511 (base 8) to base 2
1100101001001
What is 2100212000 (base